{"id":29,"date":"2015-04-29T01:59:31","date_gmt":"2015-04-29T01:59:31","guid":{"rendered":"http:\/\/interpretation.martadonayre.com\/?page_id=29"},"modified":"2015-05-15T22:52:02","modified_gmt":"2015-05-15T22:52:02","slug":"espanol","status":"publish","type":"page","link":"http:\/\/interpretation.martadonayre.com\/index.php\/espanol\/","title":{"rendered":"Espa\u00f1ol"},"content":{"rendered":"<p><a href=\"http:\/\/mediation.martadonayre.com\/wp-content\/uploads\/2015\/04\/headshot1.jpg\"><img decoding=\"async\" loading=\"lazy\" class=\" size-full wp-image-21 alignleft\" src=\"http:\/\/mediation.martadonayre.com\/wp-content\/uploads\/2015\/04\/headshot1.jpg\" alt=\"headshot1\" width=\"120\" height=\"150\" \/><\/a>Con sede en Silicon Valley, pr\u00f3ximo a San Francisco\/\u00c1rea de la Bah\u00eda en California, Marta Donayre ofrece servicios de <strong><u>Traducci\u00f3n e Interpretaci\u00f3n<\/u><\/strong> para empresas, organizaciones, e individuos.<\/p>\n<p>Mi trabajo cumple con sus necesidades de traducci\u00f3n de documentos del o al Espa\u00f1ol, Portugu\u00e9s e Ingl\u00e9s. Esto incluye traducciones de documentos como, pero no limitados a: correspondencia personal, r\u00e9cords militares, documentos oficiales y certificados, diplomas y documentos escolares, documentos de apoyo para casos de inmigraci\u00f3n, programaci\u00f3n de comando de voz, gu\u00edas de turismo, libros, y materiales de marketing.<\/p>\n<p>Mi experiencia tambi\u00e9n incluye el trabajar en situaciones donde servicios de interpretaci\u00f3n son requeridos para mejorar las conversas entre individuos, o transcribir de fuentes de multimedia. Como interprete he interpretado en entrevistas oficiales, declaraciones, monitoreo de conferencias de video para corporaciones multinacionales, sesiones psicol\u00f3gicas, y reuniones.<\/p>\n<p>Pida un presupuesto para su proyecto, por favor <a href=\"http:\/\/interpretation.martadonayre.com\/index.php\/contact-contacto-contato\/\">cont\u00e1cteme<\/a>.<\/p>\n<p>Todas las conversaciones y comunicaciones son manejadas de manera confidencial, con el mayor cuidado para proteger su privacidad y seguridad.<\/p>\n","protected":false},"excerpt":{"rendered":"<p>Con sede en Silicon Valley, pr\u00f3ximo a San Francisco\/\u00c1rea de la Bah\u00eda en California, Marta Donayre ofrece servicios de Traducci\u00f3n e Interpretaci\u00f3n para empresas, organizaciones, e individuos. Mi trabajo cumple con sus necesidades de traducci\u00f3n de documentos del o al Espa\u00f1ol, Portugu\u00e9s e Ingl\u00e9s. Esto incluye traducciones de documentos como, pero no limitados a: correspondencia &hellip; <a href=\"http:\/\/interpretation.martadonayre.com\/index.php\/espanol\/\" class=\"more-link\">Continue reading <span class=\"screen-reader-text\">Espa\u00f1ol<\/span> <span class=\"meta-nav\">&rarr;<\/span><\/a><\/p>\n","protected":false},"author":1,"featured_media":0,"parent":0,"menu_order":0,"comment_status":"closed","ping_status":"closed","template":"","meta":[],"_links":{"self":[{"href":"http:\/\/interpretation.martadonayre.com\/index.php\/wp-json\/wp\/v2\/pages\/29"}],"collection":[{"href":"http:\/\/interpretation.martadonayre.com\/index.php\/wp-json\/wp\/v2\/pages"}],"about":[{"href":"http:\/\/interpretation.martadonayre.com\/index.php\/wp-json\/wp\/v2\/types\/page"}],"author":[{"embeddable":true,"href":"http:\/\/interpretation.martadonayre.com\/index.php\/wp-json\/wp\/v2\/users\/1"}],"replies":[{"embeddable":true,"href":"http:\/\/interpretation.martadonayre.com\/index.php\/wp-json\/wp\/v2\/comments?post=29"}],"version-history":[{"count":4,"href":"http:\/\/interpretation.martadonayre.com\/index.php\/wp-json\/wp\/v2\/pages\/29\/revisions"}],"predecessor-version":[{"id":50,"href":"http:\/\/interpretation.martadonayre.com\/index.php\/wp-json\/wp\/v2\/pages\/29\/revisions\/50"}],"wp:attachment":[{"href":"http:\/\/interpretation.martadonayre.com\/index.php\/wp-json\/wp\/v2\/media?parent=29"}],"curies":[{"name":"wp","href":"https:\/\/api.w.org\/{rel}","templated":true}]}}